?
-1
Let w(i) = i**2 + 20. Suppose -7*y - 2*y = y. Give w(y).
20
Let u(i) be the third derivative of -1/3*i**4 + 0*i + 0 - 16*i**2 + 1/60*i**5 - 1/6*i**3. Give u(8).
-1
Let u(v) = 371*v + 2*v**2 - 372*v + 2*v**2 - 5*v**2 - v**3. Let h(m) = -m + 1. Let n be h(1). Give u(n).
0
Let d(y) = -3*y**3 - 11*y**2 - 10*y - 12. Let h(q) = 16*q**3 + 56*q**2 + 50*q + 60. Let x be (-4 - (3 - 7)) + 2. Let a(k) = x*h(k) + 11*d(k). What is a(-8)?
4
Let g = -6 + 4. Let t(y) = -4*y - 5. Let n(w) = 6*w + 8. Let o(m) = -2*m**2 + 3*m + 6. Let d be o(-2). Let k(i) = d*t(i) - 5*n(i). Give k(g).
-4
Let u(r) = 0*r**2 - r**2 - 4 + 51*r - 50*r + r**3 - 6. Calculate u(0).
-10
Let m = -43 + 46. Let v(p) = 2*p + 4*p - 3*p**2 - p**3 - m*p**2. What is v(-7)?
7
Let l(z) = z**2. Suppose 3*b = s, 11*s - 2*b + 7 = 8*s. Give l(s).
9
Let q(f) = 1 - 5286*f**3 + 11*f**2 - f**2 + 5285*f**3. Calculate q(10).
1
Let a(h) be the first derivative of h**3 - 13*h**2 - 5*h + 764. Calculate a(9).
4
Let y(d) = d**3 + 6*d**2 + 2*d + 7. Let n be y(-6). Let k(l) = 6*l + 6*l**2 - 83 + 84 - 5*l**2. What is k(n)?
-4
Let j = -385 + 391. Let k(o) = 3 + o + 2 - 6 - 2. Calculate k(j).
3
Let d(b) = b**2 + 20*b - 9. Let g(r) = 3*r - 3. Let o(u) = d(u) - 4*g(u). Give o(-6).
-9
Let r be 47/9 - (-2 - (-180)/81). Let b(f) = 6*f - 38. What is b(r)?
-8
Suppose -3*h + 2*h + 2*c + 8 = 0, 0 = -3*c - 9. Let j(m) = -3 + m**2 + 6*m**2 + 0*m**2 - h*m - 6*m**2. Let n(l) = -l + 16. Let q be n(11). Calculate j(q).
12
Let q be (-2)/(-8) - (-2)/(-8). Let w = 3 + q. Let v(g) = -g**2 + 3*g**2 + 0*g**2 + g**3 - 2*g**3. What is v(w)?
-9
Let u(w) = -w**2 - w - 5. Let p(c) = -3*c + 7. Let o be p(4). Let y be (0*(o + -1 + 5))/(-2). Determine u(y).
-5
Suppose 5*x = 2*l - 305, 2*l = 4*x - 0*x + 244. Let r = x - -56. Let b(t) = t**3 + 6*t**2 + 3*t - 3. What is b(r)?
7
Let i(x) = 3*x**2. Let s be i(-1). Let m(y) = 15 + 12 - 3*y - 41 + 7 + 10. What is m(s)?
-6
Let z = 19 + -23. Let y(x) = x**3 + 4*x**2 + 3*x + 4. What is y(z)?
-8
Let m = 111 + -106. Suppose m*v + 42 = 2*k, -v = -3*k + 4*k + 7. Let d(f) = -f**2 - 7*f + 4. What is d(v)?
-4
Let o be -2 + 2 - 7*-1. Let w(r) = r - o*r + 3*r + 0 - 2. What is w(-6)?
16
Suppose 0*p - p + 7 = 0. Let u(s) = -8*s - 8. Let j(o) = 5*o + 4. Let q(h) = 5*j(h) + 3*u(h). Determine q(p).
3
Let x(c) = -7*c**2 - 4*c + 20. Let g(a) = 4*a**2 + a - 11. Let y(q) = 5*g(q) + 3*x(q). Determine y(-6).
11
Let f(b) be the first derivative of -b**3/6 - 15*b**2/2 + 9*b - 4. Let j(x) be the first derivative of f(x). Determine j(-9).
-6
Suppose s = -78 + 88. Suppose 0 = s*t - 15 - 25. Let i(v) = -3*v + 2. What is i(t)?
-10
Let u(j) = -18*j**2 + 5 + 14*j**2 - 7*j**2 + j**3 - j. Give u(11).
-6
Let c = 129 + -117. Let t(l) = l - 6. Calculate t(c).
6
Suppose -45*w + 44 = -34*w. Let d(h) = -4*h + 4. Give d(w).
-12
Let u(m) = m + 1. Let a(t) = -t**2 - 5*t - 5. Let k(n) = -a(n) - 2*u(n). Let p = 2306 + -2309. What is k(p)?
3
Let r(i) = i**3 - 3*i**2 - 3*i - 3. Let f(a) = -2*a - 9. Let m be f(-6). Determine r(m).
-12
Let x = -272 + 278. Let h(m) = -m**3 + 5*m**2 + 4*m - 7. Calculate h(x).
-19
Let h(m) = -3*m**2 + 8*m. Let u(g) = 7*g**2 + 7. Let i(c) = c**2 + 1. Let x(l) = -6*i(l) + u(l). Let q(a) = -h(a) - 4*x(a). Determine q(-6).
8
Let a(j) = j**2 - 5*j - 6. Let b be (-2)/3*54/(-12). Let c(f) = -f**2 + f + 1. Let w be c(b). Let y(h) = -h. Let z be y(w). Calculate a(z).
-6
Let n(o) = -3*o**3 + 3*o + 3. Suppose u - 3*f + 11 = 0, 0 = 4*f - 18 + 6. What is n(u)?
21
Let t be 1*6*((-10)/15)/2. Let w(y) = 2*y**2 + y - 2. What is w(t)?
4
Let d(b) be the third derivative of -b**9/60480 - b**8/3360 - b**7/1008 - 2*b**5/15 + 10*b**2. Let k(z) be the third derivative of d(z). Determine k(-5).
0
Let s(j) = 3*j**2 + j - 6. Let h(k) = 3*k**2 - 5. Let u(w) = -4*h(w) + 3*s(w). Determine u(-1).
-4
Let f be -4*(-2 - 3/(-2)). Let w(i) = 0*i**f + 0*i**3 + 2*i**2 + 2 + 2*i**3. Let o be 14 + -3 + -4 - 3 - 6. Determine w(o).
-6
Suppose 0*y - 2*y = 0. Suppose -22*b + 607 + 141 = 0. Suppose 3*j + b = -4*v, -3*j + y*v - 6 = -3*v. Let f(x) = x - 1. Calculate f(j).
-7
Suppose 3*q = -2*y - 0*q + 20, 2*y - 3*q + 4 = 0. Suppose -y = -4*a + 28. Let s(t) = -2*t - 2*t**3 + a + t**3 - 3*t + 0*t - 7*t**2. Determine s(-6).
2
Let u(w) = 2*w**2 + 3*w - 4. Let p(q) be the first derivative of -q**3 - 7*q**2/2 + 9*q + 55. Let s(h) = -3*p(h) - 7*u(h). Give s(-1).
-4
Let x(k) = k**2 + 3*k - 5. Suppose 4*g = -3*o - 8 + 25, 0 = -3*o - g + 20. Let m = 63 + -58. Suppose -3*q - h - o = 0, -m*q + 3*h = 2*h + 25. Determine x(q).
-1
Let d(z) be the second derivative of -z**6/720 - z**5/12 + 19*z**4/12 + 12*z. Let c(n) be the third derivative of d(n). Calculate c(-7).
-3
Let o(f) = 4*f**2 + f**3 - 2*f + 9*f + 9*f**2 + 13*f**2 - 34*f**2 - 7. What is o(7)?
-7
Suppose 3*c = -5*i + 5, 0 = -c - 4*i - 3 - 0. Let t(a) = 32*a**2 - 5 + 0*a**3 - 28*a**2 - c*a + a**3. Determine t(-4).
15
Let x(p) = -p**3 + 7*p**2 + 8*p - 10. Let f be x(8). Let w = -8 - f. Suppose 2 = 3*a - w*h + 8, -a + 5*h - 2 = 0. Let m(u) = 2*u**2 + 2*u + 3. Give m(a).
7
Let n(w) = 18*w**2 - 3*w - 3. Suppose -m = f + 3, 5*f - 1 = 31*m - 28*m. What is n(f)?
18
Let y(l) = -l**2 - 7*l - 5. Suppose -2*c + c - 36 = -4*i, -5*c - 90 = -2*i. Let d = 17 + c. Let a be (d - 6*-1)*-1. Determine y(a).
-5
Let u = 7 - 4. Let d(q) = 4 + 6*q**3 + 4*q - 5*q**u - 3*q**2 + q**2 - 3*q**2. Give d(4).
4
Let b(m) = -17*m - 17*m - 18*m - 20*m + 76*m + m**2 - 3. Calculate b(-6).
9
Let r(y) = -y**2 + 5*y - 2. Let m(u) be the first derivative of u**2/2 - u - 7. Let n = 5 + -4. Let v(t) = n*r(t) - 6*m(t). Give v(-3).
-2
Let s(h) = -h. Let v be 2 + 3*-2 - -2. Let w = v + 10. Suppose -15 = w*r - 3*r. What is s(r)?
3
Let k(q) = -4*q + 3*q - 2 + 1 - 1 + q**2 + q**3. Suppose -2*r + 3*y + 10 = 0, 3*r + r + 4*y = 0. Give k(r).
8
Suppose 5*n + j - 21 = 0, -5*n + j + 37 = -2*j. Let w(g) = -n*g - 10 + 0 + 12*g - 8*g. What is w(0)?
-10
Let u(f) = 3*f**3 + 3*f**2 - 2*f + 8. Let p(g) = -13*g**3 - 13*g**2 + 9*g - 31. Let q(x) = 2*p(x) + 9*u(x). What is q(0)?
10
Let f(i) = -6*i**2 + 13*i. Let v(k) = 7*k**2 - 9*k. Let t(c) = 2*f(c) + 3*v(c). Let b(q) = q**3 + 6*q**2 + 4*q - 4. Let u be b(-5). Determine t(u).
8
Let m(i) be the second derivative of i**4/12 + i**3 - i**2 + 6*i. Suppose 0*t = -2*t - 14. Determine m(t).
5
Let i be (((-60)/35)/6)/((-22)/77). Let l(p) = -p - 1. What is l(i)?
-2
Let c(v) be the third derivative of v**5/20 - v**4/12 - v**3/6 - 34*v**2. Suppose 4*n + 0*n + 4*h - 40 = 0, -5*n = -5*h - 70. Let b = n - 14. Give c(b).
15
Let h(w) be the third derivative of w**6/120 + w**5/60 + w**4/24 - w**3/6 + 2895*w**2. Let n = -4 - -7. Let b be (n - 2) + -2 + -1. What is h(b)?
-7
Suppose 5*j + 9 = 14*j. Let c(w) be the first derivative of w**3/3 - w**2/2 - 1. Let x be c(j). Let r(d) = -d**3 - d**2 + d + 3. What is r(x)?
3
Let c = -27 - -35. Let y(u) = u**3 + c - 4*u**2 - 149*u - 2*u**2 + 140*u. Calculate y(7).
-6
Let s be (-64)/8*(0 - -6). Let g = s - -42. Let p(t) = -t**2 - 6*t - 4. Determine p(g).
-4
Let y(s) = 12*s**3 + 6*s**2 - s - 1. Let x(o) = 35*o**3 + 17*o**2 - 3*o - 3. Let w(b) = 6*x(b) - 17*y(b). Determine w(2).
45
Suppose 12 = g + 7. Let r(c) = -10*c + g*c**2 + c**3 + 12*c + 4 - 3. Determine r(-5).
-9
Let h(b) = -b**3 - 5*b**2 + 4*b - 2. Let r be -5 + (0 - 1 - (-5 - -5)). What is h(r)?
10
Let h(b) = b**3 - 7*b - 1. Let m(u) be the first derivative of -u**4/2 + u**3/3 + 13*u**2/2 + u - 3. Let k(o) = 5*h(o) + 3*m(o). Give k(4).
-2
Suppose 0 = -2*x + 3*n - 11, -3*x = 6*n - 5*n. Let b(f) = 5*f**2 + 4*f + 4. Give b(x).
5
Let i(l) be the first derivative of -8*l**3/3 + l**2 + l + 141. What is i(-1)?
-9
Let f(d) = -7*d - 1. Let s(p) = 15*p + 3. Suppose -2*r = 4*a + 30, 0*a + 3*a = -r - 20. Let n(t) = a*f(t) - 2*s(t). Let z be -2*((-4)/16 - 6/24). Give n(z).
4
Let t be (-6)/10 - 213/(-5). Let u be 21/t - (-2)/4. Let s(k) = -u - 3*k**2 + k**3 - 3*k - 3 + 5*k**2. Determine s(-3).
-4
Let f(o) be the third derivative of -o**6/120 - o**5/60 + 23*o**3/6 - 52*o**2. Calculate f(0).
23
Let t(n) = 4*n**3 + 2*n**2 + n. Suppose 0 = -0*c - 2*c. Suppose c = 3*m - 30 + 3. Let g = 8 - m. What is t(g)?
-3
Suppose 16 = 5*w + 1. Suppose r + 6 = w. Let j(l) = l**3 + 4*l**2 + 3*l + 2. Determine j(r).
2
Let w(x) be the first derivative of -x**4/4 + 4*x**3/3 + 5*x**2/2 + 7